*2 - 25505*d + 280481. What is w(11)?
289
Let l(s) = -s**3 + 327*s**2 - 22468*s + 2519. Calculate l(98).
-29
Let h(q) = -q**3 + 22*q**2 - 137*q + 2263. Give h(20).
323
Let q(u) = 5*u**2 - 275*u - 7855. Calculate q(75).
-355
Let g(y) = -2*y**3 - 39*y**2 + 71*y + 265. What is g(-21)?
97
Let x(y) = y**3 - 22*y**2 - 511*y + 5689. What is x(9)?
37
Let q(h) = -2*h**3 + 184*h**2 + 566*h - 91. Give q(95).
-471
Let m(a) = -82335*a + 3046494. Determine m(37).
99
Let s(m) = 67*m**2 - 607*m + 52. Give s(9).
16
Let t(y) = -y**2 + 625*y - 93902. What is t(371)?
332
Let a(x) = 2*x**2 + 52*x - 1292. What is a(23)?
962
Let v(j) = -9472*j + 132642. Calculate v(14).
34
Let p(i) = 2888*i - 60643. Calculate p(21).
5
Let y(a) = 2*a**2 - 866*a + 91889. What is y(253)?
809
Let u(i) = -563*i**2 + 187890*i + 50766. What is u(334)?
-2
Let v(y) = -2*y**3 + 417*y**2 + 241*y - 6680. Determine v(209).
8
Let a(h) = -220*h + 61176. Give a(280).
-424
Let h(t) = t**3 - 52*t**2 - 1261*t + 37. Give h(70).
-33
Let s(y) = y**3 + 25*y**2 + 465*y + 11616. Calculate s(-25).
-9
Let p(r) = -9*r**3 + 63*r**2 - 7*r + 10. Determine p(6).
292
Let k(s) = 2*s**3 - 282*s**2 + 1635*s + 72. Give k(6).
162
Let l(q) = -2278*q + 191413. Determine l(84).
61
Let m(z) = -72089*z - 2306861. Give m(-32).
-13
Let m(g) = 99*g**2 - 515*g - 5. Calculate m(4).
-481
Let p(d) = -2368*d + 36950. What is p(16)?
-938
Let r(a) = -486*a + 79702. Determine r(164).
-2
Let s(w) = -243*w**2 + 1942*w + 50. What is s(8)?
34
Let a(z) = -10*z**2 + 890*z - 888. What is a(1)?
-8
Let d(j) = -68*j**2 - 14922*j - 6554. Calculate d(-219).
16
Let z(a) = -a**3 + 175*a**2 + 537*a - 689. Determine z(178).
-155
Let c(k) = 841*k**2 + 10925*k - 104. What is c(-13)?
0
Let h(x) = x**2 + 2737*x + 1209381. Give h(-554).
-1
Let w(d) = -13*d**3 + 475*d**2 - 3740*d - 275. Calculate w(25).
-25
Let i(j) = 19025*j + 6620699. Give i(-348).
-1
Let g(q) = 105*q**2 + 235*q - 1453. What is g(-5)?
-3
Let z(j) = -3*j**3 - 293*j**2 - 4933*j + 525. What is z(-76)?
-7
Let k(o) = 16945*o + 237168. Determine k(-14).
-62
Let n(z) = -5*z**2 - 135906*z - 407713. Determine n(-3).
-40
Let t(g) = -2*g**3 - 38*g**2 - 187*g - 27. Give t(-9).
36
Let v(a) = -4870*a - 150041. Calculate v(-31).
929
Let p(w) = 2333*w + 56492. Calculate p(-25).
-1833
Let y(t) = 6*t**2 + 201*t + 1165. Determine y(-25).
-110
Let l(n) = -1205*n**2 + 1917158*n - 4744. Determine l(1591).
29
Let y(n) = 81*n**2 - 1012*n + 2991. Give y(5).
-44
Let y(i) = -197*i + 24852. Calculate y(126).
30
Let b(l) = 169*l - 19264. Determine b(114).
2
Let i(h) = -6678*h + 260444. Give i(39).
2
Let t(g) = -26*g**2 + 11381*g + 3457. What is t(438)?
391
Let l(z) = -5730*z**2 + 464127*z + 230. Calculate l(81).
-13
Let c(l) = l**3 - 18*l**2 - 125*l + 2073. Determine c(10).
23
Let z(p) = -9*p**2 + 1294*p - 11848. Calculate z(134).
-56
Let i(y) = -y**2 + 2064*y + 285211. Determine i(-130).
-9
Let h(u) = -u**3 + 3*u**2 - 3145*u - 13. What is h(0)?
-13
Let v(r) = 17030*r + 426079. What is v(-25)?
329
Let j(p) = -p**3 + 439*p**2 - 473*p + 14970. Calculate j(438).
-360
Let g(y) = -5087*y - 35611. Give g(-7).
-2
Let o(j) = 2*j**2 - 2190*j + 3278. What is o(0)?
3278
Let y(z) = 3*z**3 + 270*z**2 - 822*z + 1413. Calculate y(-93).
18
Let a(h) = 23*h - 839. Calculate a(-27).
-1460
Let t(o) = 51*o**2 + 2182*o - 41329. Determine t(-57).
-4
Let b(v) = -v**3 - 44*v**2 + 1470*v - 1052. Determine b(22).
-656
Let j(y) = 6*y**2 + 66*y - 76. Determine j(-11).
-76
Let h(v) = 18*v**3 - 14*v**2 + 22*v + 4. Calculate h(4).
1020
Let g(h) = 4*h**3 + 82*h**2 + 47*h + 123. Give g(-20).
-17
Let d(i) = 12*i**2 + 21624*i + 150693. Determine d(-7).
-87
Let g(x) = 5774*x - 277135. Determine g(48).
17
Let s(j) = 191*j**2 - 292*j - 178. Determine s(2).
2
Let g(b) = b**3 + 34*b**2 + 370*b + 45. Calculate g(-25).
-3580
Let v(w) = 14016*w + 154136. What is v(-11)?
-40
Let q(z) = 140*z - 641. Calculate q(25).
2859
Let y(t) = -6*t**2 + 204*t + 441. Give y(32).
825
Let o(f) = 5*f**2 + 1297*f + 7829. Give o(-6).
227
Let a(z) = -3*z**3 - 26*z**2 + 1379*z + 710. What is a(-26)?
8
Let l(k) = 3682*k + 290765. What is l(-79)?
-113
Let b(f) = -2*f**3 - 20*f**2 + 17*f - 106. Determine b(-12).
266
Let y(r) = -2*r**2 - 345*r - 14434. Calculate y(-101).
9
Let l(o) = o**2 + 56*o + 271. Determine l(-15).
-344
Let f(s) = s**3 - 68*s**2 - 8*s + 4351. Give f(67).
-674
Let n(s) = -3*s**3 + 144*s**2 + 149*s - 706. Determine n(49).
-608
Let u(t) = t**3 + 10*t**2 - 94*t - 18. What is u(-17)?
-443
Let l(h) = 11*h**3 + 1492*h**2 - 546*h + 538. Determine l(-136).
810
Let x(m) = 5*m**2 + 491*m - 175928. Calculate x(-243).
4
Let k(y) = -18660*y - 429206. Determine k(-23).
-26
Let f(i) = -89*i + 11996. What is f(140)?
-464
Let v(l) = 8*l**2 - 2270*l - 154. Determine v(284).
414
Let q(u) = 44*u**2 - 924*u - 4636. Give q(-5).
1084
Let h(p) = -1654*p + 165413. What is h(100)?
13
Let k(u) = -u**2 + 59*u - 219. Calculate k(26).
639
Let b(l) = -749*l - 4414. Calculate b(-6).
80
Let m(o) = -895*o - 48334. What is m(-54)?
-4
Let w(r) = -3*r**3 + 459*r**2 + 451*r + 1698. Calculate w(154).
4
Let q(l) = -l**2 - 746*l - 128923. Give q(-474).
5
Let w(s) = -294*s**2 - 6408*s + 1395. Determine w(-22).
75
Let t(b) = -b**3 + 8*b**2 + 26143*b - 183052. Determine t(7).
-2
Let f(k) = -437*k - 3487. Give f(-3).
-2176
Let z(h) = 372*h**2 + 405*h + 1613. Determine z(-4).
5945
Let b(s) = -26*s**2 - 1428*s + 2958. Give b(-57).
-120
Let n(t) = 447*t - 29928. Determine n(67).
21
Let m(y) = y**3 - 190*y**2 + 2316*y - 364736. Determine m(188).
-16
Let w(m) = 4*m**2 + 19492*m - 175711. Determine w(9).
41
Let i(h) = -19367*h - 794062. Determine i(-41).
-15
Let d(l) = -654*l - 12100. What is d(-18)?
-328
Let n(i) = i**3 - 15*i**2 + 427*i - 7115. Calculate n(16).
-27
Let u(g) = 6*g**2 - 1574*g - 146836. Determine u(-73).
40
Let d(q) = -2*q**3 - 263*q**2 - 1859*q - 281. Determine d(-124).
-405
Let p(g) = 38*g**2 + 23318*g + 61110. Give p(-611).
10
Let a(i) = -11478*i - 573899. Determine a(-50).
1
Let m(n) = n**3 + 94*n**2 + 294*n + 144. Calculate m(-91).
-1767
Let w(f) = 274965*f - 2199717. What is w(8)?
3
Let q(j) = 2*j**3 + 4*j**2 + 92*j + 341. Determine q(-4).
-91
Let c(q) = 110323*q - 661920. Determine c(6).
18
Let c(y) = 12657*y + 38267. Determine c(-3).
296
Let w(g) = -g**2 - 258*g - 7605. What is w(-224)?
11
Let z(b) = -992*b + 16127. Calculate z(16).
255
Let g(a) = -47*a**2 - 1632*a + 464. Determine g(-35).
9
Let c(l) = -1366*l + 273190. What is c(200)?
-10
Let s(g) = 7*g**3 + 45*g**2 - 389*g - 2589. Give s(-7).
-62
Let s(j) = -j**3 + 8*j**2 + 615*j - 198. Calculate s(29).
-24
Let h(g) = -13*g**3 + 12*g**2 + 5*g - 75. Calculate h(0).
-75
Let b(t) = 2*t**2 + 152191*t + 913105. Determine b(-6).
31
Let p(f) = -f**3 - 21*f**2 - 149*f - 382. Calculate p(-9).
-13
Let h(s) = -8*s**2 - 2721*s + 911349. Give h(-548).
25
Let j(f) = -10*f**2 + 775*f - 3848. What is j(72)?
112
Let y(n) = 36*n**2 - 492*n - 206. Give y(18).
2602
Let p(a) = a**3 - 27*a**2 - 209*a + 3577. Calculate p(30).
7
Let x(b) = b**2 - 1001*b + 21543. Give x(22).
5
Let v(f) = -18*f**3 - 2604*f**2 + 913*f + 6228. What is v(-145)?
-7
Let a(u) = 10*u**2 - 2356*u - 9425. What is a(-4)?
159
Let o(q) = 6*q**3 - 428*q**2 + 149*q - 531. Give o(71).
-34
Let l(g) = 864*g + 3650. Calculate l(-4).
194
Let u(b) = 1736*b - 32871. Determine u(19).
113
Let s(j) = j**3 + 265*j**2 + 289*j + 219789. Determine s(-267).
48
Let g(o) = o**3 + 116*o**2 - 242*o - 217. Determine g(-118).
491
Let p(f) = f**3 + 94*f**2 + 1860*f + 789. Calculate p(-66).
-3
Let j(a) = -1108*a - 204807. Determine j(-185).
173
Let s(j) = -j**3 - 320*j**2 - 8701*j - 238. Determine s(-290).
52
Let q(p) = -4*p**2 - 37*p + 91. Calculate q(-22).
-1031
Let s(o) = -13460*o + 134603. Give s(10).
3
Let z(q) = 2*q**2 + 737*q + 55863. Determine z(-261).
-252
Let d(v) = -18*v**3 + 569*v**2 - 2623*v - 58. Determine d(26).
20
Let h(y) = 201394*y + 7854346. Determine h(-39).
-20
Let x(r) = -732463*r - 9522029. Give x(-13).
-10
Let t(i) = -14*i**2 - 14748*i - 21047. Calculate t(-1052).
-7
Let c(z) = z**3 + 422*z**2 - 1261*z + 5231. What is c(-425)?
-719
Let u(k) = -3*k**2 + 1274*k - 50251. Calculate u(44).
-3
Let k(u) = 887*u - 648. Determine k(1).
239
Let x(i) = 3*i**3 + 87*i**2 - 36*i - 358. Determine x(-8).